me factors of q.
2
Suppose -5 = 3*c - 5*v, v + 2 = -4*c + 3. Let y be -6 + 1 + (c - 1). List the prime factors of y*((-1 - -1) + -1).
2, 3
Suppose 3*s - 76 = 92. Suppose -5*v + 3*v = -s. What are the prime factors of v?
2, 7
Suppose 0 = -4*a + 3*z + 69, z + 0*z + 48 = 3*a. Suppose -r + 6 = -a. What are the prime factors of r?
3, 7
Suppose -169 = -4*g - 3*o, -4*o + 5 = -9*o. List the prime factors of g.
43
Let s(w) = -w**3 + 2*w**2 - 2*w - 3. Let h = -10 + 7. List the prime factors of s(h).
2, 3
Let i = 6 - 6. Let d(q) = q**2 - q - 14. Let y be d(i). Let w = -6 - y. What are the prime factors of w?
2
Let h(y) = -y**3 - 7*y**2 + y + 9. Let j be h(-7). Suppose -s - 5 = -j*s. Suppose -s = -3*t + 7. List the prime factors of t.
2
Suppose 3*c - 149 = -4*l, 2*c = -c + 2*l + 119. List the prime factors of c.
43
Let i be (-136)/32*(-4)/(-1). Let q = 29 + i. List the prime factors of q.
2, 3
Let x = -7 - -12. Let d(t) = 2*t - 6. List the prime factors of d(x).
2
List the prime factors of 16 + -14 - (1 - 22).
23
Suppose 5 = -3*f + 8. Let l(a) be the second derivative of 5*a**3/3 - a. List the prime factors of l(f).
2, 5
Let n(f) = 6*f**2 - 4*f - 11. What are the prime factors of n(6)?
181
Let m = 9 - 5. Suppose -5*j - 2*n + 19 = -29, -m*j + n = -41. List the prime factors of j.
2, 5
Suppose -67 + 22 = -5*o. Suppose 4*w + j + 3 = -0, -o = -w + 3*j. Suppose -4*n = -w*n - 24. List the prime factors of n.
2, 3
Let a = -123 + 16. Let d be 12/(-18) + a/(-3). Suppose 55 = 3*f - 5*t, -4*f + 8*f = -t + d. What are the prime factors of f?
2, 5
Let d(h) = -h**3 - 8*h**2 - 4*h - 8. Let v be d(-7). Let q = 44 + v. What are the prime factors of (-10)/q - (-40)/6?
2, 3
Let i(j) = -j**3 - 2*j**2. Let q(o) = -6*o**3 + o**2 - o - 1. Let c be q(-1). Let y = c - 10. List the prime factors of i(y).
3
List the prime factors of 2/(-5) + (-544)/(-10).
2, 3
Let j(d) = -d**3 + 10*d**2 + 28*d + 22. List the prime factors of j(12).
2, 5, 7
Suppose -n + 0*n - 2*m = -3, -3*n + 9 = m. Suppose 0 = -3*v - 3 - 9, 0 = 4*w + n*v. What are the prime factors of (w*-1 - -2) + 3?
2
Suppose -2*v + 3*v + 2 = 0, -4*c + 6 = 3*v. Suppose -6 = -6*u + c*u. What are the prime factors of u?
2
Let j(g) = -20*g**3 + g**2. Let z be j(1). Suppose 4*q - 66 = 2*u + 50, -5*u + 74 = 3*q. Let m = q + z. List the prime factors of m.
3
Suppose 4*i - 114 - 118 = 0. What are the prime factors of i?
2, 29
Suppose -2*p = -0*p + 10, -47 = 4*c - 5*p. Let a be (-27)/c*52/6. Suppose -3 = 5*b - a, 5*h = -5*b + 70. What are the prime factors of h?
2, 3
Suppose 9 = -n - 3. Suppose 9*w + 130 = 4*w. Let c = n - w. What are the prime factors of c?
2, 7
Suppose -3*l + 186 + 138 = 0. What are the prime factors of l?
2, 3
Suppose -c + 18 = 2*c. What are the prime factors of c?
2, 3
Let i = -2 - -4. Suppose 0 = 5*c + l + i*l + 31, 39 = -3*c + 5*l. List the prime factors of 2/c - 53/(-4).
13
Let t be -2 + 1 + 2 - -26. List the prime factors of (t - (0 + 2)) + 3.
2, 7
Let q = -51 + 133. What are the prime factors of q?
2, 41
Suppose -4*c - 25 = f, f - 2*f = -4*c + 41. Let m = f + 63. List the prime factors of m.
2, 3, 5
Suppose -g + 13 = r, 5*g - 29 = 4*r - 0*r. Let x = g - -27. List the prime factors of x.
2, 3
Let x = -15 - -56. Let m = x - 17. List the prime factors of m.
2, 3
Let c be -3 + (6/2 - 18). Let i be (12/c)/((-2)/9). Suppose -h + 2 = -i. What are the prime factors of h?
5
Let z be ((-12)/18)/((-3)/9). What are the prime factors of (-4 - -6)*53/z?
53
Suppose -w + 3*w - 8 = 0. Suppose 4*u - w*v - 64 = 0, 2 = 3*u - 4*v - 51. List the prime factors of u.
11
Let b(c) = -c + 1. Let a be (0/(-1) + 1)/(-1). What are the prime factors of b(a)?
2
Suppose 4 = -4*t + 5*t. Let d be (-6)/(-4) - (-2)/t. Suppose -12 = -5*l - b, l - 4 - 2 = -d*b. List the prime factors of l.
2
Let f = -7 + 9. Suppose -f*a + 5 = -a. Suppose -p + 3*u = -1, a*p - 87 = -u - 2. List the prime factors of p.
2
Let b = 32 + 0. Let q be b/(-6) + 6/(-9). List the prime factors of (1 - (-3)/(-2))*q.
3
Suppose z - 3*j = 5, z = 5*j + 6 + 1. Suppose -z*f - 33 = -5*f + 4*o, f - 5*o - 22 = 0. List the prime factors of f.
7
Suppose -v + 4*v = 84. What are the prime factors of v?
2, 7
Let o(t) = 36*t**2 + 6*t - 5. List the prime factors of o(1).
37
Suppose -2*y = 6 - 14. Suppose -y + 12 = 2*d. Suppose d*t = 35 + 1. What are the prime factors of t?
3
Suppose -2*q - 11 = -39. Let s be ((-14)/6)/(1/(-3)). Let c = q - s. What are the prime factors of c?
7
What are the prime factors of 6/27 - (-129)/27?
5
Let w(o) be the third derivative of o**6/120 + o**5/6 + o**4/4 + o**3 - 4*o**2. Let x be w(-4). Suppose 4*c - x - 2 = 0. List the prime factors of c.
2, 5
Suppose 0*j + 4*c - 148 = -4*j, 0 = -2*j + 3*c + 99. List the prime factors of j.
2, 3, 7
Let u(a) = 2*a - 3. Let v be u(4). Suppose -2*c = -15 + v. Suppose 16 = c*r - 19. List the prime factors of r.
7
Let f = 3 - -1. Suppose 0 = -3*v + f*v - 14. What are the prime factors of v?
2, 7
Let b = 75 + 11. What are the prime factors of b?
2, 43
Let r(f) = -f + 2*f - 4*f - 1 + 0*f. What are the prime factors of r(-5)?
2, 7
Suppose 2*a = 5*x + 87, -3*a + 4*x - 11 = -131. What are the prime factors of a?
2, 3
Let x(q) = q**2 - q - 2. Let u be x(2). Suppose -2*p - b - 7 = u, -11 = p - 2*b + 5. What are the prime factors of 2*((-21)/p - 2)?
3
Suppose -15 = 2*k + k, 5*i = 5*k + 35. What are the prime factors of i?
2
Let d(f) = f - 5. Let m be d(10). Suppose 0*s = s - m. List the prime factors of s.
5
Suppose 0 = -5*y + 5*s + 40, 0 = 3*y + 2*s + 3*s - 56. Let z(a) = a**2 + 7*a + 6. Let c be z(-6). Suppose c*p = 2*p - y. List the prime factors of p.
2, 3
Let x = 665 + -437. What are the prime factors of x?
2, 3, 19
Let k(w) = -w**3 - 4*w**2 - w - 2. Let n be k(-7). List the prime factors of n/5 + (-9)/(-15).
31
Suppose 8*h = 4*h + 80. List the prime factors of h.
2, 5
Let f = 122 - 78. What are the prime factors of f?
2, 11
Suppose -3*s - 14 = -2*s + 5*z, -4*s + 4*z = -16. List the prime factors of s*(1 + 38/1).
3, 13
Suppose 2*z - 24 + 95 = m, m - 5*z = 80. What are the prime factors of m?
5, 13
List the prime factors of (249/(-2))/((-90)/120).
2, 83
Let i(h) = h**3 - 10*h**2 - 10*h - 14. Let l be i(11). Let d(z) = -3*z - 7. What are the prime factors of d(l)?
2
Suppose -2*z + 256 = -4*f, -2*f + 0 = 6. What are the prime factors of z?
2, 61
Suppose -3*j = -4 - 2. Suppose -2*q - j = -5*l, -4*l + 4*q + 6 = 14. Suppose b - 25 = -3*p, p + l = b + 9. What are the prime factors of p?
2
Let j = 57 - 34. Let g = 2 + j. List the prime factors of g.
5
Let q(r) be the third derivative of r**4/6 - r**3/2 + r**2. Let l(o) = o**2 + 3. Let f be l(0). What are the prime factors of q(f)?
3
Suppose -3*a = -c + 3, -6*a = -c - a + 5. Suppose 5*v - 248 + 13 = c. Suppose -5*n + 0*r = -4*r - v, -2*r - 13 = -n. What are the prime factors of n?
7
Let v(i) = 2*i**3 - 10*i**2 + 9*i + 16. What are the prime factors of v(6)?
2, 71
List the prime factors of (-26)/((-2)/(-6)*-2).
3, 13
Let y(r) = -r**3 + 15*r**2 - 11*r. Let b be y(14). Let f = b + -2. List the prime factors of f.
2, 5
Suppose 0 = -4*z + 2*z. Suppose 5*n + z + 20 = 0. List the prime factors of (3/n)/((-1)/8).
2, 3
Let b = 10 + -14. List the prime factors of b - (1 + -4 + -45).
2, 11
Let y(f) = -f**2 + 10*f - 8. What are the prime factors of y(6)?
2
Suppose 0*p - 10 = 5*p. Let v(a) = -6*a - 1. What are the prime factors of v(p)?
11
Suppose -f + 27 = -20. Suppose -5*h - 2*i + 15 = -48, 0 = -4*h - 5*i + f. List the prime factors of h.
13
Let m(x) = x + 2. Let p be m(2). Suppose 0 = 2*d - 3*d - 3*a + p, 5*d - 4*a = -56. What are the prime factors of 4/d - 26/(-4)?
2, 3
Suppose 4*b + 5*k = -28, 5*k + 2 + 10 = 4*b. What are the prime factors of (b/(-4))/(1/12)?
2, 3
Suppose 3*a + 5 - 12 = 2*i, -4*i = -2*a + 18. Let c be 2*(0 + -8)/1. Let r = i - c. List the prime factors of r.
11
Let f(l) = l - 9. Let a be f(7). Let p(c) = -12*c. Let w be p(a). Suppose -4*y - 11 = -2*d - 3, 4*y = -2*d + w. What are the prime factors of d?
2
Suppose 4*c - 11 = -3. Suppose -c*n = 2*n + 4. Let t(l) = 5*l**2 + l + 1. List the prime factors of t(n).
5
Let b = -21 + 28. List the prime factors of b.
7
Suppose 0*n = 2*o - 3*n - 1, -13 = -5*o + 4*n. List the prime factors of o.
5
Suppose 0 = -2*b - 0*q - q + 264, -3*q = -b +